7. Let w(u) = -u. What is w(l)?
-6
Let r(v) = -4*v - v**2 - 2*v + 2 - 5. Let z(d) = -d + 19. Let a be z(8). Suppose 4*x = -3*o - 16, -2*o - a = x - 2. Calculate r(o).
5
Let b(y) = y + 1. Let u(d) = -d - 2. Let o(i) = 7*b(i) + 4*u(i). Calculate o(1).
2
Let g(d) = 3*d + 3. Let m be g(-3). Let r(w) = -w - 4. Determine r(m).
2
Let f = 37 - -1. Let t = -21 + f. Suppose 5 - t = 2*q. Let y(o) = o**3 + 5*o**2 - 6*o - 2. Calculate y(q).
-2
Let g(p) be the first derivative of 2*p**2 - p - 8. Give g(-1).
-5
Let x(s) = -2*s - 4. Let q(p) = -5*p - 9. Let t(n) = 3*q(n) - 7*x(n). What is t(2)?
-1
Let r(g) = 3*g - 6. Let w(f) = 6*f - 12. Let z = -5 + -1. Let k(o) = z*w(o) + 11*r(o). What is k(5)?
-9
Let d be 2/6*(-4 - 11). Let l(o) = -3 + 2*o + 4 + 3. Calculate l(d).
-6
Let v(a) = -a**3 - 4*a**2 + 1. Let i(x) = x**3 - 5*x**2 + 3*x + 3. Let d be i(4). Let m = d - -9. Let p(t) = -t + 6. Let s be p(m). Determine v(s).
-7
Let j(f) = f**3 + 8*f**2 + 3*f. Let d(n) = -2*n**3 - 17*n**2 - 7*n + 1. Let r = -3 + 8. Let y(k) = r*j(k) + 2*d(k). Calculate y(-6).
-4
Let n(v) be the second derivative of -v**6/720 + v**5/40 - v**4/12 + v. Let i(m) be the third derivative of n(m). Let o be (-1)/4 - (-2)/8. Determine i(o).
3
Let c be 2 + 10/4*66/(-90). Let o(a) be the second derivative of -a - c*a**3 + 0 + 1/2*a**4 + 0*a**2. Determine o(1).
5
Let c = -5 + -13. Let d = -18 - c. Let l(b) = b**3 + b**2 - b - 2. Give l(d).
-2
Suppose 0 = z + 4*z - 45. Let o(u) = 4*u**3 - 5*u - 25 + 0 - 2*u + 21*u**2. Let b(p) = -p**3 - 5*p**2 + 2*p + 6. Let d(y) = z*b(y) + 2*o(y). Give d(-4).
4
Let n = 5 - 3. Let j(b) be the third derivative of -b**5/30 + b**4/24 - b**3/6 - b**2. Determine j(n).
-7
Let s(f) = f**2 + 4*f - 1. Let h = 24 - 27. What is s(h)?
-4
Let s(g) be the third derivative of -1/6*g**3 + 0 - 1/60*g**5 - 7/24*g**4 + 0*g + 2*g**2. What is s(-6)?
5
Let d(p) = 7*p - 1. Let a be (-2)/8 + 80/64. Calculate d(a).
6
Let j(k) = -4*k**2 + k - 2. Let p be (63/12 - 5)*8. Give j(p).
-16
Let z(r) be the first derivative of r**3/3 + 3*r**2 + 3*r + 2. Calculate z(-6).
3
Let y(f) = -22*f + 5. Let s(g) = 5*g - 1. Let q(m) = -9*s(m) - 2*y(m). Determine q(-2).
1
Let t(c) be the second derivative of c**3/6 + c**2 + c. Let u be 5*(7/20 - (-6)/24). What is t(u)?
5
Let h(l) = l**2 - 2*l + 4. Let z be 54/5 - 2/(-10). Suppose 2*f - 3*f = -z. Suppose 2*b - 3*j = -6, -5*b + j = -0*j - f. Determine h(b).
7
Let t(c) = 2*c**2 + 4*c + 1. Let d(p) = -p**2 - 2. Let b(q) = 3*d(q) + t(q). What is b(5)?
-10
Let l(p) be the third derivative of 0*p + 11/6*p**3 + 0 + 1/24*p**4 + 4*p**2. Calculate l(-5).
6
Let k(x) = x**2 - 4*x + 3. Let z be k(4). Let d(r) = -r**2 + 0 + r + z - 7 + 4*r. Give d(3).
2
Let i(x) = x**2 + 6*x + 4. Let v = 5 + 0. Let d = v + -11. What is i(d)?
4
Let j(p) be the first derivative of -4*p**2 + 6. Give j(-1).
8
Let b = 1 + -1. Let s(o) be the third derivative of -o**7/5040 - o**6/80 + o**5/60 - 7*o**2. Let h(q) be the third derivative of s(q). What is h(b)?
-9
Let s(m) = 2 - 4*m + 3*m + 10 + 3*m. Let b be s(-8). Let u(y) = -y - 2. Determine u(b).
2
Let w(z) = -z**2 + 3*z + 2. Let p(j) = j**2 + j + 1. Let g(i) = -p(i) + w(i). Determine g(-2).
-11
Let v(i) be the third derivative of -1/12*i**4 - 1/2*i**3 + 1/120*i**6 - i**2 + 0 + 1/15*i**5 + 0*i. Suppose -6*o - 12 = -3*o. What is v(o)?
5
Let u(z) = -4 + 4 + 1 + z - z**2 - 3. Calculate u(0).
-2
Let s(v) be the first derivative of v**3/3 - v**2/2 + 11. Let o(z) = -4*z**2 + z + 2. Let q(t) = -o(t) - s(t). Calculate q(2).
10
Let y(b) = -b**2 + 5. Suppose 3 = -4*n + a, -8 - 4 = -3*n - 4*a. Calculate y(n).
5
Let v(z) be the third derivative of z**4/24 + z**3/6 - z**2. Let h = -7 + 9. Let n = h + -1. What is v(n)?
2
Let m(i) = -5*i + 5. Let r(h) = 26*h - 25. Suppose -3*w - 3 - 30 = 0. Let p(q) = w*m(q) - 2*r(q). Calculate p(4).
7
Let l(o) = o**3 + o**2 + o. Let g be 0/(1 + -4 + 1). Calculate l(g).
0
Let p(a) be the first derivative of -3*a**2/2 - a - 1. Suppose -5*b - 13 = 4*u, -2*u - 4 = -u + b. Let n = u - -4. Determine p(n).
8
Let u(w) = -w + 1. Let l be 0 - (-10 + 3) - 4. Give u(l).
-2
Let t = -4 + 8. Let f(r) be the first derivative of r**2 - 5*r + 3. What is f(t)?
3
Let v be 12/9*30/4. Suppose -3*l + v = -5. Let s(k) be the second derivative of k**4/12 - 2*k**3/3 - 7*k**2/2 - k. Give s(l).
-2
Let r(b) = 2*b + 1 + 1 + 0. Let s(q) = -3*q - 3. Let z(m) = 4*r(m) + 3*s(m). Suppose -2*k + 5*k - 12 = 0, 2*k = -5*v + 3. Give z(v).
0
Let b(u) = -5*u**2 + u - 1. Let g = -3 - -7. Let x = g + -3. What is b(x)?
-5
Let l(w) = w - 3. Let t be l(0). Let p(o) = -o**3 - 3*o**2 - 3*o - 2. What is p(t)?
7
Let l(w) = -20*w + 28*w + w**3 + 3 + 0*w**3 + 9*w**2 + 0*w**3. Give l(-8).
3
Let x(l) = l + 2. Let q(w) = w**3 - 4*w**2 + 3*w - 4. Let h be q(3). What is x(h)?
-2
Let u(h) = -3*h + 7. Let i(x) = -2*x + 6. Let t(v) = 6*i(v) - 5*u(v). Let g(b) = b - 9. Let o be g(7). Calculate t(o).
-5
Let b(h) = -h**2 - 4*h + 8. Let q be b(-5). Let x(d) = d**2 - 3*d. What is x(q)?
0
Let k(a) = -a. Let y(h) = h + 5. Let m be y(-3). Suppose -3 = m*z + z. What is k(z)?
1
Let y(r) = 2*r - r + r**2 - 4 - 6*r. Suppose 0 = -s - 2*s + 9. Calculate y(s).
-10
Let s(o) = o - 4. Suppose 5*v + 21 = w, 4*w = -3*v - 4 - 4. What is s(v)?
-8
Let l = -2 + -2. Let r(k) = -k - 2. Let u be r(l). Let i(q) = -3 + 2*q**2 - 3*q**2 - q - q**3 + 4*q**u. What is i(3)?
-6
Let g(h) = h**2 + 4*h - 3. Suppose -y - 6 = -z, 2*y - z + 5 = -5. Let i = y + -1. What is g(i)?
2
Let u(r) = 3*r - 1. Let i be 3 - (2 + (-2 - 2)). Let k be u(i). Suppose -2 = 3*a + d, -a - k = -d + 4*d. Let w(n) = 2*n + 1. Give w(a).
3
Let q(x) be the third derivative of x**4/24 - x**3/3 - 11*x**2. What is q(0)?
-2
Let o(a) = a**3 + 7*a**2 - a - 9. Let g be o(-7). Let i(v) = 5*v + 9. Let s(w) = -15*w - 26. Let b(q) = -17*i(q) - 6*s(q). What is b(g)?
-7
Let d(g) be the first derivative of g**5/60 - g**4/8 - 3*g**3 - 5. Let i(y) be the third derivative of d(y). Determine i(2).
1
Let z(u) = u**3 - 23*u**2 + 24*u - 46. Let j be z(22). Let c(w) = 0*w**2 + w**3 + 2*w + w**2 + 3 + 0*w**3. Give c(j).
-5
Let o(k) = -k**2 - 10*k - 7. Let j be o(-6). Suppose 2 = -5*l + j. Suppose g - 3*u + 6 = -l, g + 4*u - 19 = 0. Let r(s) = s**3 - 3*s**2 - 4. Calculate r(g).
-4
Let i(y) = -2*y + 1. Suppose -6 = 21*u - 15*u. Give i(u).
3
Let f(l) = l**2 + 3*l - 9. Let z(b) = b**2 + 3*b - 10. Let y(w) = -6*f(w) + 5*z(w). Suppose 7 = 4*r - 9. Suppose 0*c - r = c. Determine y(c).
0
Suppose -12 = -a + 3*a. Let h be a + 4 - (1 - -2). Let z(k) = 7*k**3 + 15*k**2 + 8. Let u(c) = -3*c**3 - 7*c**2 - 4. Let r(i) = 5*u(i) + 2*z(i). Calculate r(h).
-4
Let c(r) = 415*r + 5 + 3 - r**2 - 420*r - 2. What is c(-5)?
6
Suppose -36 = o - 5*o. Let c(m) = -m - m + o*m. Give c(1).
7
Let u be (2 - 0)*1/(-2). Let w(m) = -m**3 + 1 + 0*m**3 - 13*m**3 + 2*m. Determine w(u).
13
Let w(s) be the first derivative of s**2/2 - 6*s - 1. Calculate w(8).
2
Let w(c) = -3*c + 2. Let b be w(2). Let k(a) be the second derivative of a**5/20 + a**4/3 - a**3/6 + a**2 + 2*a. Give k(b).
6
Let j(l) be the first derivative of l**2/2 - l - 1. Suppose -r + 0*r = 0. Suppose r = 2*d - 8, -4*b + 3*d + 4 = -0. What is j(b)?
3
Let c(o) be the second derivative of o**5/60 - o**4/12 - 5*o**2/2 - o. Let g(r) be the first derivative of c(r). Determine g(3).
3
Let x(k) = -k - 2. Let v(c) = 2*c + 2. Let f(s) = 3*v(s) + 4*x(s). Suppose 2*l + 3 = a, l + 1 + 3 = a. Determine f(a).
8
Let g(n) = -3*n**2 - 7 + 2*n**2 - 7. Suppose -4*m = 3*w - 6, -10 = -2*w - 3*w. Determine g(m).
-14
Let c(b) = 4*b - 1. Let f be c(-2). Let y be 7/((0 - 1) + 0). Let r = y - f. Let a(k) = k**3 - k**2 + 2*k + 1. Determine a(r).
9
Let j be (-14)/105 - 47/(-15). Let k(b) = b**3 - b**2 - 4*b - 1. Determine k(j).
5
Let y be ((-12)/10)/(9/(-45)). Let z(f) = -f**2 + 7*f - 4. Determine z(y).
2
Let r be ((-4)/(-3))/(4/12). Let j(f) be the first derivative of -1 - f - 1/4*f**r - 2/3*f**3 + 1/2*f**2. Determine j(-3).
5
Suppose -v = v. Let f(i) = -i**3 - 41*i + 2*i**3 - i**2 + 42*i. Give f(v).
0
Let y(s) = -17*s**2 - 1 + 9*s**2 + 12*s**2. Calculate y(-1).
3
Let a(j) = -j**3 + 5*j**2 - 3*j - 5. Let z be ((-18)/4)/(-3)*2. Let w = z - 2. Suppose 3*h - 11 = w. Give a(h).
-1
Let l(y) = -y**3 + 4. Let c(i) be the second derivative of -i**3/6 + 2*i**2 - 4*i. Let w be c(4). 